 -10445 (base 10) to base 9.
-15285
Convert -3013 (base 6) to base 9.
-810
Convert 208c0 (base 14) to base 15.
1842d
What is -110010021 (base 3) in base 12?
-5144
What is 8a9 (base 11) in base 12?
767
b91 (base 15) to base 2
101000110011
Convert -2526 (base 10) to base 16.
-9de
What is ae7 (base 15) in base 4?
212203
-25 (base 13) to base 6
-51
35aa (base 15) to base 16
2c92
What is 1111111 (base 2) in base 11?
106
What is 897 (base 13) in base 14?
776
Convert 68 (base 14) to base 7.
161
What is 3579 (base 10) in base 13?
1824
What is 50 (base 9) in base 6?
113
What is 134300 (base 5) in base 4?
1113013
222001120 (base 3) to base 11
132aa
What is 120202 (base 3) in base 12?
2b5
de3 (base 16) to base 8
6743
-1230 (base 6) to base 10
-306
Convert 10100010 (base 2) to base 5.
1122
-398 (base 14) to base 3
-222202
-11628 (base 9) to base 2
-1111001111010
Convert 3240 (base 5) to base 2.
110111101
-3429 (base 10) to base 4
-311211
What is -4601 (base 15) in base 13?
-69b5
Convert 12331 (base 4) to base 6.
2021
What is -11703 (base 13) in base 8?
-76310
Convert 13d15 (base 15) to base 3.
10020101002
-4a2 (base 13) to base 6
-3424
24424 (base 5) to base 14
972
Convert -11114 (base 9) to base 13.
-3490
112100001 (base 3) to base 12
606a
What is -310a (base 11) in base 5?
-112444
-2456 (base 15) to base 7
-31353
-303012 (base 4) to base 6
-23050
Convert -271 (base 10) to base 4.
-10033
Convert -2563 (base 8) to base 15.
-630
What is 5023 (base 7) in base 9?
2334
What is -2002303 (base 4) in base 16?
-20b3
-212221012 (base 3) to base 7
-101603
457 (base 11) to base 6
2310
Convert 10041 (base 5) to base 10.
646
-801 (base 12) to base 10
-1153
Convert 5a (base 15) to base 16.
55
What is -4525 (base 14) in base 6?
-131301
Convert -120103 (base 7) to base 6.
-244141
11204 (base 6) to base 2
11000110100
What is -1178 (base 10) in base 12?
-822
-2848 (base 11) to base 14
-14b0
-111322 (base 4) to base 6
-10254
-14001 (base 6) to base 8
-4161
Convert -5441 (base 6) to base 9.
-1637
-51401 (base 6) to base 16
-1ab9
2110100022 (base 3) to base 11
33379
-2211211120 (base 3) to base 12
-284b9
-4164 (base 14) to base 13
-5182
-4d8 (base 15) to base 2
-10001001111
Convert -323 (base 7) to base 4.
-2210
-120002 (base 3) to base 13
-254
Convert -305313 (base 6) to base 7.
-131334
Convert -c80 (base 16) to base 14.
-1248
-44c (base 15) to base 9
-1300
What is 4563 (base 14) in base 10?
12043
Convert -1167 (base 16) to base 5.
-120310
What is -2a4 (base 13) in base 3?
-122111
What is -1002200 (base 3) in base 16?
-321
-152 (base 13) to base 2
-11101100
-b2ed (base 15) to base 2
-1001001110100110
Convert -15a9 (base 15) to base 2.
-1001000110011
Convert -1750 (base 8) to base 13.
-5bc
Convert -12a54 (base 14) to base 10.
-45938
What is -10000011100110010 (base 2) in base 12?
-32baa
What is 102121101 (base 3) in base 4?
2010031
57 (base 10) to base 15
3c
What is 782b (base 14) in base 8?
50517
Convert 10020010 (base 3) to base 14.
c00
What is 389 (base 16) in base 3?
1020112
-211221 (base 3) to base 16
-26b
Convert -1431 (base 5) to base 4.
-3301
What is 3002 (base 8) in base 9?
2088
What is -121515 (base 6) in base 13?
-4b9b
Convert -155115 (base 7) to base 6.
-353340
Convert -110001000 (base 2) to base 5.
-3032
Convert 1e5 (base 16) to base 7.
1262
What is -7aa (base 14) in base 13?
-901
What is 10731 (base 10) in base 2?
10100111101011
-1890 (base 12) to base 15
-d43
What is -227 (base 11) in base 16?
-10f
Convert 1483 (base 11) to base 5.
30111
3636 (base 7) to base 2
10101000110
Convert 1111110110010 (base 2) to base 10.
8114
-14a (base 16) to base 4
-11022
What is 130211 (base 4) in base 8?
3445
Convert -3404 (base 5) to base 16.
-1df
Convert 212003 (base 4) to base 13.
1154
Convert -28b1 (base 14) to base 13.
-3389
What is 8a9 (base 15) in base 16?
7a7
Convert 107115 (base 8) to base 6.
440353
Convert 232343 (base 5) to base 8.
20431
-14444 (base 5) to base 9
-1637
1001110010 (base 2) to base 10
626
-15110 (base 10) to base 5
-440420
-210222 (base 3) to base 6
-2425
2021231 (base 5) to base 15
9a46
Convert -1010010011000 (base 2) to base 16.
-1498
-439 (base 10) to base 5
-3224
Convert 133 (base 15) to base 3.
101010
What is 3212 (base 6) in base 2?
1011011000
Convert 25a25 (base 12) to base 7.
303245
-59 (base 15) to base 11
-77
-2a0b (base 15) to base 13
-4142
Convert -217 (base 10) to base 8.
-331
Convert -221030 (base 4) to base 3.
-10121122
221100100 (base 3) to base 13
8544
Convert -546 (base 12) to base 2.
-1100000110
Convert -11144 (base 5) to base 7.
-2221
554b (base 12) to base 13
4397
Convert -e8 (base 15) to base 9.
-262
What is -1443 (base 5) in base 9?
-305
What is 10033 (base 5) in base 2?
1010000011
-4347 (base 11) to base 15
-1a78
What is 4334 (base 5) in base 16?
252
What is -1314 (base 5) in base 2?
-11010001
-491a4 (base 11) to base 5
-4231103
Convert -1b79 (base 14) to base 15.
-173c
What is 1112012202 (base 3) in base 4?
13111130
-3732 (base 9) to base 11
-2100
-16444 (base 7) to base 6
-33411
Convert 1110001000 (base 2) to base 6.
4104
What is -1352 (base 15) in base 8?
-10037
What is 1428 (base 12) in base 6?
14452
What is 1220110 (base 3) in base 16?
56d
-172 (base 9) to base 5
-1041
Convert -132022 (base 4) to base 16.
-78a
195c (base 15) to base 4
1111233
3b67 (base 12) to base 16
1abf
What is -39 (base 11) in base 3?
-1120
What is 4985 (base 10) in base 3?
20211122
-100101001 (base 2) to base 12
-209
Convert 11000010 (base 2) to base 15.
ce
What is a504 (base 11) in base 14?
5103
What is 3212 (base 11) in base 5?
113443
What is -23895 (base 10) in base 15?
-7130
1331244 (base 5) to base 8
64702
What is -2122 (base 6) in base 10?
-482
What is 68085 (base 9) in base 13?
177b9
Convert -20200102 (base 3) to base 2.
-1001100000111
What is -7865 (base 10) in base 6?
-100225
-37340 (base 8) to base 13
-7432
-1121022 (base 3) to base 8
-2221
-130213 (base 4) to base 2
-11100100111
What is 12794 (base 14) in base 7?
246244
Convert 110102120 (base 3) to base 14.
3432
-5d88 (base 16) to base 10
-23944
21002021 (base 3) to base 12
2ba4
What is -2bd (base 15) in base 2?
-1001110100
Convert 153545 (base 6) to base 10.
15113
Convert 11310 (base 5) to base 13.
4bb
10000111100111011 (base 2) to base 13
257b2
-c17a (base 15) to base 13
-15787
Convert -37b9 (base 12) to base 8.
-14275
6a5e (base 16) to base 8
65136
Convert -515312 (base 6) to base 13.
-15aa6
10001001101100001 (base 2) to base 14
1b997
-33317 (base 8) to base 12
-8153
4634 (base 7) to base 4
122123
Convert -3423 (base 9) to base 15.
-b3c
What is aaa (base 13) in base 9?
2453
80507 (base 9) to base 4
30322210
-627 (base 15) to base 2
-10101101011
Convert 755 (base 8) to base 13.
2bc
-10100011101101011 (base 2) to base 7
-466241
Convert -313 (base 14) to base 13.
-377
Convert 2411 (base 5) to base 11.
2a4
1011110011 (base 2) to base 9
1028
-1382 (base 9) to base 14
-54a
82 (base 13) to base 4
1222
What is 4157 (base 10) in base 3?
12200222
Convert 122122 (base 3) to base 8.
734
Convert -1010222 (base 3) to base 12.
-598
Convert 112011110 (base 3) to base 9.
15143
Convert 200010 (base 4) to base 9.
2730
-11225 (base 6) to base 16
-641
What is -1222 (base 7) in base 15?
-207
Convert 4ab6 (base 13) to base 8.
24603
Convert -220 (base 12) to base 13.
-1b0
Convert 105305 (base 6) to base 3.
110022012
Convert -353 (base 14) to base 10.
-661
-214314 (base 7) to base 8
-111251
10333 (base 5) to base 10
718
What is -1110011001110 (base 2) in base 13?
-3483
49676 (base 11) to base 5
4240402
What is 340463 (base 7) in base 9?
101602
-189 (base 16) to base 9
-476
-2103033 (base 4) to base 9
-13830
Convert 288b2 (base 12) to base 11.
39569
What is 40300 (base 5) in base 13?
1231
-774 (base 9) to base 6
-2534
What is -b768 (base 12) in base 9?
-30508
Convert 26d5 (base 16) to base 9.
14565
-4346 (base 8) to base 3
-10010101
Convert 2201 (base 8) to base 10.
1153
-13602 (base 13) to base 5
-2124133
What is -29322 (base 10) in base 4?
-13022022
What is -110020 (base 3) in base 5?
-2310
Convert 15188 (base 11) to base 14.
7ba9
What is 4847 (base 15) in base 13?
6cc1
What is 22231 (base 14) in base 12?
3ba83
-101101010101 (base 2) to base 13
-1422
What is -220202002 (base 3) in base 2?
-100011001110110
Wh